 -1 + (3 - o). Suppose u + 11 = -3*u - l, d = -2*u + 2*l + 2. Determine m(u).
2
Let a(q) = 5*q**2 - 1 + 8 + q**3 + 0 + 2*q. Suppose 4*l - 36 = 4. Let u be l/6*(2 + -5). Calculate a(u).
-3
Let v(x) = x**3 - 5*x**2 - 4. Suppose 4*u + 3*b = 3, -4*u + 2*b + 2*b - 4 = 0. Suppose 3*r + u*r = 0. Suppose 4 = 2*t - 2*a, 4*t + 3*a = -r*t + 29. Give v(t).
-4
Suppose 0*q + 2*q = 0. Let i(c) = c. Let j be i(q). Let x(m) be the third derivative of m**6/120 - m**3/3 + 6*m**2. Give x(j).
-2
Suppose 34*j = 36*j - 6. Let o(a) be the second derivative of -a**2 - a**3 - 1/12*a**4 + j*a + 0. Calculate o(-4).
6
Suppose -w + 4*s - 2 = 0, 0*w - 3*w = -s - 27. Suppose -w = -5*j + 5. Suppose j = -4*r - 13. Let v(z) = -z**2 - 4*z + 5. Calculate v(r).
5
Let k(i) be the third derivative of i**6/60 + i**5/15 + i**4/6 + i**3/3 - 15*i**2. What is k(-2)?
-6
Let y(n) = n + 2. Suppose -l = -2*a - 2 + 3, -4*l = -a + 4. Suppose 4*g - 2 = 2*g, 4*z - 10 = 2*g. Suppose z*w - 5 = 2*x, 2*x - w + 4 - 5 = a. Calculate y(x).
4
Let z(c) = 5*c**2 + 12*c - 23. Let v(n) = 3*n**2 + 8*n - 15. Let r(s) = 8*v(s) - 5*z(s). Determine r(6).
-17
Let w(i) be the third derivative of i**5/60 - 7*i**4/24 + i**3/6 + i**2. Calculate w(3).
-11
Let i(v) = v**3 - v**2 + 1. Let c(z) = -3*z**3 + z**2 + 3*z + 1. Let r(b) = c(b) + 2*i(b). Calculate r(-2).
1
Let i(z) = -z**2. Let n be i(-1). Let d = n + 4. Let t(w) = -d + 3*w + 0*w + 3*w**2 - 2*w**2. What is t(-5)?
7
Let d(r) = -r**2 + 2*r - 2. Suppose -4*j + 321 = -5*n, 5*j - 42 = -3*n - 242. Let z = n + 41. Let v be (-4)/3*z/16. Determine d(v).
-2
Let d(u) = -2*u + 4. Suppose -5*g - 3*b = 0, -5*b = g + 2*g - 16. Let o be -2 + -5*(2 + g). Give d(o).
-2
Suppose 3*x + 4 = 7*x. Let z(n) = -x - n**3 + 2*n + 7*n**2 - n - 3*n**2 + 0*n. Calculate z(4).
3
Let n(p) = p**2 + 1. Suppose 0 = y - 1 - 1. Suppose -2*h + 5*i + 2 = 0, 0 = y*h - h + 5*i - 1. Let s be (-1 + -1)*h/2. What is n(s)?
2
Let a(u) = u**3 - 5*u**2 - 2*u + 4. Let n(p) = -p**2. Let s(m) = -a(m) + 3*n(m). Determine s(3).
-7
Suppose 3*u + u + 28 = 0. Let l(x) = x**3 + 7*x**2 + 2. What is l(u)?
2
Let h be 5/20 - (-23)/4. Let n = h + -2. Suppose 0*c + 4*c + n = 0. Let p(v) = -2*v**3 - 2*v**2 - v. Calculate p(c).
1
Let r(d) = 3*d + 5. Let i be r(-5). Let n = 10 + i. Let x(s) = -s**3 - s + 2. Determine x(n).
2
Let t be ((-5)/10)/(2/(-8)). Let g(h) = -h**3 + 2*h**2 - 2*h + 1. Give g(t).
-3
Let o(c) = -c**2 + 7*c**2 + 8 - 3*c - 2. Let i(y) be the third derivative of -y**5/10 + y**4/6 - 7*y**3/6 - 4*y**2. Let f(u) = 5*i(u) + 6*o(u). What is f(-1)?
5
Let r(g) = g - 6. Suppose -2*m = t - 6, -4*t + 0*t + 4*m + 12 = 0. Determine r(t).
-2
Let r = -3 - -5. Suppose 2*l = -2*l - y - 8, r*y + 4 = 4*l. Let w be l*5/((-3)/(-3)). Let p(x) = x**2 + 5*x - 5. Determine p(w).
-5
Suppose 4*t + 1 = -3. Suppose 2*r - 2*z + 4*z + 2 = 0, 2*r = 4*z + 28. Let p = t + r. Let k(i) = i**2 - 3*i - 2. Calculate k(p).
-2
Let d(t) = 15*t - 34*t - 8 + 14*t + 2. Determine d(-4).
14
Let h = -7 - -1. Let w be 22/h + (-2)/6. Let f(i) = i**3 + 4*i**2 + 2*i + 2. Determine f(w).
-6
Suppose 14 = 2*v + 3*x, -7*x + 4*x = 4*v - 16. Let y(a) be the second derivative of -a**4/12 + a**3/6 - a. Give y(v).
0
Let v(w) = w - 9. Suppose -2*u = u. Determine v(u).
-9
Let b(s) be the first derivative of -3*s**2/2 - 3*s + 38. Let r be ((-1)/2)/(1/6). Determine b(r).
6
Let o(w) = w**3 - 3*w**2 - 5*w + 2. Let a be 0*(2/(-6))/1. Let m be (a + -2)*(-4)/2. Determine o(m).
-2
Let q = -2 - -4. Let n = 1 + 1. Let b(l) = 6 - l - l**n - 4 + 0 - 1. Give b(q).
-5
Let l be 4/(-2) - (-8 + 9). Let h(c) = -2*c**2 - 4*c - 6. Let w(q) = 2*q**2 + 4*q + 7. Let u(i) = l*w(i) - 4*h(i). Determine u(-3).
9
Let w(n) = 5*n**2 - 2*n - 4. Let v(o) = 11*o**2 - 5*o - 8. Let r(m) = 6*v(m) - 13*w(m). Determine r(5).
9
Let g(i) be the third derivative of i**6/120 + i**5/12 + i**4/6 + i**3/3 - i**2. Give g(-2).
6
Let v(w) = -w**3 - 7*w**2 - 6*w - 6. Let k(j) = j**3 - 2*j**2 - 6*j + 2. Let d be k(4). Suppose -5*h - 5*g - 50 = 0, -h = -3*g - d + 4. Calculate v(h).
-6
Let m(b) = -b**3 + 7*b**2 - 8*b + 9. Let j be m(6). Let i(g) = -g**2 - g + 1. Determine i(j).
-5
Let p(n) = n - 4. Let f be 0/(-1 + 1 + 1). Let y be 0 - -5 - (f - 2). What is p(y)?
3
Let m(n) be the first derivative of n**5/40 - n**4/12 + n**3 + 2. Let z(q) be the third derivative of m(q). What is z(3)?
7
Let y(o) = -o - 6. Suppose 4*f + 16 = -5*l + f, -3*l + 4*f - 27 = 0. Give y(l).
-1
Suppose -2*l - 1 + 11 = 4*c, -4*l - 3*c + 10 = 0. Let v be 7 - ((l - -5) + -3). Suppose v*o = -0*o + 4. Let b(x) = 10*x**2 - x + 1. What is b(o)?
10
Let d(f) = -3 + 5*f + 2 + f**2 - 9*f. Suppose -2*u = -0*u - 12. What is d(u)?
11
Suppose -4*v + 8 + 3 = 3*j, 5*j + 3 = 4*v. Let n(c) = -c + 8. Let u(p) = -1. Let r(t) = v*n(t) + 14*u(t). Calculate r(3).
-4
Let w(l) = 3*l + 1. Let n be (-2)/1 - -2 - (0 - -1). Calculate w(n).
-2
Let q(s) = 5*s - 3. Let c(r) = 2*r - 2. Let u(t) = 5*c(t) - 3*q(t). Determine u(-1).
4
Let y(i) = -i**3 - 2*i**2 - i + 2. Let v be y(-2). Let p be (-7)/(-2) - 2/v. Let d(x) = -x**3 + 4*x**2 - 2*x - 4. Determine d(p).
-1
Let d(o) = 3*o + 4 + 5 - 2 + 0*o. What is d(-5)?
-8
Let f(t) = -18*t + 7. Let l(o) = -10*o + 4. Let y(c) = 3*f(c) - 5*l(c). Determine y(-1).
5
Let w = 11 - 3. Let c(v) = 1 + v + v**2 - 4 - 8*v + w. Determine c(5).
-5
Let y(z) = -3 - z + 2*z + 2*z. Let l be (1*-3)/3*-5. Suppose -5*t + 2*i + l = -15, -2*t = -4*i - 24. Determine y(t).
3
Let t = 18 - 13. Let b(g) = g - 3 - g**2 + t*g + g. Suppose -5*d - 11 + 31 = 0. Give b(d).
9
Let b(v) = -v**2 + 4*v + 1. Let j(x) = -1. Let g(k) = b(k) + 3*j(k). Determine g(6).
-14
Let i be (0 - (-4)/14)*7. Let y(a) = -8*a + a**3 + 7*a - 1 + a**i - 2*a**2. What is y(2)?
1
Let m(r) = r**2 + 1. Suppose -20 = 5*k - 5*d, -3*d + 4 + 16 = -5*k. Give m(k).
17
Let r(a) = -3*a - 8 - 2*a + 3*a. Give r(-6).
4
Let x(f) = -f**2 - 5*f + 3. Let n be x(-4). Suppose g + 3 - n = 0. Suppose d + 20 = -g*d. Let r(q) = -q**3 - 4*q**2 + 3*q. Determine r(d).
-12
Let m(n) = 3*n**2 - 3*n**2 - 5*n**2. Let d be m(1). Let c(w) = w + 9. Determine c(d).
4
Let d(z) = -5*z + 1 - 7 + 8*z + z**2. Let j = 4 - 0. Suppose -j - 16 = 4*x. Give d(x).
4
Let t(v) = v**3 + 2*v**2 - 4*v + 1. Let r be ((-4)/(-3))/((-7)/(-21)). Let q(d) = d**3 + 4*d**2 - 4*d - 5. Let c be q(-4). Suppose -1 = r*y + c. Determine t(y).
4
Let y be ((0 - 0) + 0)/3. Let r(w) = w**3 + w**2 - 10. Calculate r(y).
-10
Let r(t) be the second derivative of -t**3/2 - 2*t**2 - 2*t. Suppose x = -2*j - 4*x + 4, j - 2 = -4*x. Let i = -5 + j. Give r(i).
5
Let v(u) = -14*u + 14*u**2 + u**3 + 1 + 10 + 0*u**3 + 0. Calculate v(-15).
-4
Suppose -6*u + 4 = -2*u. Let k(d) = -10*d + 2 + 1 + d - 2. What is k(u)?
-8
Let s(d) = -2*d**2 - 3*d - d + d + d**2 - 2. What is s(-5)?
-12
Let w(p) = p + 8. Suppose 5*r = 3 - 33. Give w(r).
2
Let m(v) = -v. Let o be m(1). Let j(l) be the second derivative of -l**6/144 + l**4/3 + 4*l. Let i(r) be the third derivative of j(r). What is i(o)?
5
Let t(v) be the second derivative of 13*v**3/6 + v**2/2 - 9*v. Give t(-1).
-12
Let y(l) be the first derivative of -l**5/60 + l**4/8 + l**3/3 + 4*l**2 - 2. Let u(p) be the second derivative of y(p). Determine u(5).
-8
Suppose 4*i - 2 = 2. Suppose 3*l - 5 = i. Let s(n) = 2*n - 3*n**l + 65 - 65 - n**3. Calculate s(-3).
-6
Let u(n) be the first derivative of -n**4/4 + 2*n**3/3 + n**2/2 + 2*n - 1. Suppose -2*d + 3*x = 11, -2*x = 2*d + 2*x - 24. What is u(d)?
4
Let h(s) = -23*s**3 - 2*s**2 - 2*s - 13. Let w(v) = -12*v**3 - v**2 - v - 7. Let m(y) = 6*h(y) - 11*w(y). Let f be 1/1*(3 - 4). What is m(f)?
5
Let z(p) = -2*p - 1. Let o be 2/10 - 57/(-15). Determine z(o).
-9
Let d(m) = m - 31. Suppose 17*l = 30*l. Give d(l).
-31
Let b(d) = d + 3. Suppose -16 = -4*p + 12. Determine b(p).
10
Let j(h) = h**3 + 4*h**2 - 4*h - 3. Let q be (-731)/153 - 2/9. Calculate j(q).
-8
Let m(g) be the first derivative of -g + 1/2*g**2 + 1/6*g**3 - 2. Let t(f) be the first derivative of m(f). Calculate t(2).
3
Let j(u) = -u**2 - 6*u - 4. Let v be j(-4). Let z be (-7 - -4)/(-1 - 0). Let d(g) = -g**z - g - 5*g + g + 5*g**2 + 5. What is d(v)?
1
Let y(o) = 7*o**2 + 2*o - 1. Suppose -i + 13 = 4*w + 1, -w = 5*i - 22. Suppose 2*n + 2*n + 2 = -5*c, -2*c + 1 = n. Suppose c*r = -2*r + i. What is y(r)?
8
Let i(y) = -4*y + 4*y + 12 - 4*y. Let m(s